4 + 0 + 77/x. Calculate the highest common factor of t and f.
17
Suppose 0 = 3*f + 3, -57*f = 2*t - 54*f - 25. Let v be 3 - (3 - 2)*4. Let k be v/((-2)/30) - 1. What is the greatest common factor of t and k?
14
Let p(z) = 52*z + 86. Let r be p(9). Let l = r - 482. Suppose s - 8 - 1 = 0. Calculate the highest common factor of s and l.
9
Let f = -4963 - -4970. Let z(a) = 8*a**2 + a - 6. Let h be z(-3). Calculate the highest common factor of f and h.
7
Let m be 609700/273 + 20/(-15). What is the greatest common divisor of m and 72?
72
Let j(f) = -10*f - 126. Let v be j(-13). Let n be v/(-10) - ((-4512)/(-10))/(-8). Calculate the greatest common factor of n and 16.
8
Suppose 22 = 2*b + h - 1, -2*b + h + 17 = 0. Let q = -7 + b. Suppose 3*i + 2*j - 26 = 28, -5*i = -q*j - 90. What is the greatest common divisor of 24 and i?
6
Let m = -11 - -27. Let j(o) be the third derivative of -31*o**4/24 + o**3/6 + 58*o**2. Let t be j(-1). Calculate the highest common factor of m and t.
16
Let w(v) be the first derivative of 11*v**2/2 - 71*v + 4. Let f be w(30). What is the highest common factor of 37 and f?
37
Let o = 0 - 8. Let f(b) = -b**2 - 9*b - 8. Let h be f(o). Suppose 4*l + 12 = h, -17 + 2 = -x + l. What is the highest common factor of 96 and x?
12
Suppose 25*l - 6*l + 38 = 0. Let g be -7 + (-15279)/(-44) + l/8. What is the greatest common divisor of g and 136?
68
Suppose 32 = 114*k - 116*k. Let d be (-2)/6*(k - 5). Suppose -2*f = -3*i + 235, -80 + 1 = -i + f. What is the greatest common divisor of i and d?
7
Let c = -35 + 21. Let o be (c/5)/(2/(-160)). Let r = 54061 + -54029. What is the greatest common factor of o and r?
32
Suppose 0 = 5*h + 5*t - 35, 6*h = h + t + 53. Let b = -440 + 443. Suppose b*c - 538 + 493 = 0. Calculate the highest common divisor of h and c.
5
Suppose 38 = 5*x + 113. Let y be -18*(2/(-5) - 1/x). Let w(i) = i**2 - 2*i - 19. Let q be w(y). Calculate the greatest common factor of q and 35.
5
Suppose 19*y - 3321 = 4887. What is the highest common divisor of 528 and y?
48
Let v(s) = 686*s + 736. Let a be v(-1). What is the highest common divisor of a and 310?
10
Let m = 667 - -473. What is the highest common factor of 304 and m?
76
Suppose -10*w - 186 = -11*w. Let r = w - -6. What is the greatest common divisor of 12 and r?
12
Let y be 80/(((-1)/3)/(10 + -11)). Calculate the highest common factor of 960 and y.
240
Let y = 13810 - 13140. Calculate the highest common divisor of y and 15.
5
Let p(u) = -u**2 + 4*u + 19. Let b be p(6). Suppose 70 = 9*y - b*y. Let t be 13 - 2 - 6 - -5. Calculate the greatest common factor of y and t.
5
Let f = 48 - 48. Suppose -m - 4*c - 526 + 1726 = f, 4780 = 4*m - 4*c. What is the highest common divisor of 52 and m?
52
Let s = 340 - -337. Suppose 0 = -7*v + 782 - s. What is the greatest common factor of 345 and v?
15
Suppose 0 = -3*n + q + 87, -2*q + 0*q = -4*n + 114. Let x = -403589 + 404099. What is the highest common divisor of x and n?
30
Let a(n) = 4*n + 17. Let b be a(-1). Suppose -5118 = -b*d + 1434. What is the greatest common factor of d and 63?
63
Let x be 8/(-28) + (-872)/(-14). Let v = -231 + 218. Let c be ((-9)/(-12))/(v/(-1612)). What is the highest common divisor of c and x?
31
Let d = 2455 + -2308. Calculate the greatest common factor of d and 392.
49
Let x(b) = 4*b**3 + 5*b**3 - 3 + 8*b + 8*b**2 - 14*b**2. Let m be x(3). What is the greatest common divisor of m and 120?
30
Let b(z) = -231*z - 2559. Let p be b(-17). Calculate the greatest common divisor of p and 9.
9
Let j be 4256/912*(-60)/(-14). Calculate the greatest common factor of 6190 and j.
10
Suppose -7*a + 1640 = -3*a. Let s be 265/(-90) + (-3)/54 - -167. Calculate the greatest common divisor of a and s.
82
Let z be (-24)/10*66*(-40)/36. What is the greatest common divisor of z and 220?
44
Suppose 2*o - 6606 = 5*z - 10*z, 2643 = 2*z + o. Calculate the highest common divisor of z and 360.
120
Let g be 1495/(-46)*(-6)/5. Let p be g/26 + 68/8. What is the highest common divisor of p and 95?
5
Let v be (173 + 2)*(-42)/(-35). Suppose 9*s - 11*s = -v. Let h(r) = r**3 - 2*r**2 + 3. Let j be h(4). What is the greatest common factor of j and s?
35
Suppose 0 = -105*v + 33*v + 146890 + 9422. Calculate the highest common divisor of v and 1503.
167
Suppose 4*d - 8 = 0, 104 = 3*a + d - 42. Suppose 573 = 2*o - 3*g, -5*g - 693 - 454 = -4*o. What is the highest common divisor of a and o?
48
Let p be (-11)/((-66)/20)*(-27)/(-2). Suppose -7*x - 6 = -27. Let q be (x - (-372)/(-16))*-20. Calculate the greatest common factor of p and q.
45
Let q(b) be the first derivative of -1/4*b**4 - 1/2*b**2 + 29 + 0*b + b**3. Let y be q(2). What is the highest common factor of 5 and y?
1
Suppose -3*m + 11*o + 2056 = 9*o, 5*m = -6*o + 3380. What is the highest common factor of 558 and m?
62
Let c = -11460 + 11482. Let p(r) = 8*r + 4. Let k be p(-4). Let t = 38 - k. What is the highest common factor of t and c?
22
Let p = -75 + 84. Let u = 73 + p. Calculate the greatest common factor of u and 41.
41
Suppose -7*k + 732 - 697 = 0. Suppose -4 - 11 = -k*w. Calculate the highest common divisor of 8 and w.
1
Let m(b) = -990*b + 4804. Let a be m(-29). Calculate the greatest common divisor of a and 52.
26
Suppose 2*o + 5*r = 100, -o = 2*r - 45 - 4. What is the greatest common factor of o and 25?
5
Suppose 12*h - 19*h - 328 = -3*t, -5*t = 2*h - 451. What is the highest common divisor of t and 5456?
31
Let k = -12971 - -12991. Calculate the greatest common divisor of k and 1335.
5
Let d = 82 + -82. Suppose -5*j - 2 + 27 = d. Let t be (-2 - 8)*(-20)/8. What is the greatest common divisor of t and j?
5
Let g(s) = -s**3 - s**2 + 17*s + 7. Let f = -160 - -155. Let j be g(f). Calculate the highest common factor of 176 and j.
22
Let a = -13026 - -14192. Calculate the highest common divisor of 308 and a.
22
Let k = -298 - -303. Suppose -k*h + 5*s = -130, s = h - 5*h + 79. Calculate the greatest common factor of 3 and h.
3
Suppose 5*c = -0*c + 40. Let n be (-752)/12032 - (770/(-32) - 0). What is the greatest common factor of n and c?
8
Let y = 4891 + -4878. Calculate the greatest common factor of y and 871.
13
Suppose 2801 = 4*w + 5*o, -18*w - 5*o = -23*w + 3535. What is the greatest common factor of 792 and w?
88
Let i(d) = -d**2 + 30*d - 227. Let g be i(16). Let n be (-1)/(376/126 + g). Calculate the greatest common divisor of n and 1071.
63
Suppose 5*m = -2*f - 7, 5*m - 2*m + 3 = 0. Let g be (2 + f - -3)*12/16. Suppose 2*l + g*l - 190 = 0. What is the highest common divisor of l and 95?
19
Suppose 5*u + t = 262 + 836, -u - t + 218 = 0. Suppose 3*x - 124 = -p, 6*p = 4*p + x + u. What is the highest common divisor of p and 28?
28
Suppose 2*b = -7 + 9, 20 = 5*g + 5*b. Suppose -2*i = -2*u - 0*u + 60, -g*u + 94 = -i. Calculate the highest common factor of u and 48.
16
Suppose 9*j = -0*j + 81. Suppose 4 = 10*b - 446. Calculate the highest common divisor of j and b.
9
Let s(m) be the second derivative of -m**4/12 + 2*m**3/3 + 5*m**2/2 - 8*m. Let f be s(12). Let l = -33 - f. What is the highest common factor of 29 and l?
29
Let y(i) = 4*i**2 - 3*i + 4. Let l be y(-3). Let q(m) = -m**3 - 33*m**2 - 274*m - 70. Let s be q(-21). Calculate the highest common factor of s and l.
49
Suppose 4*h = -3*w + w + 32, w - 6*h = 48. What is the greatest common factor of 9132 and w?
12
Suppose -2*x - 2*y = -16, 6*x - x - 4*y = 4. Suppose x*t - 249 = 159. Let p = -137 + 205. Calculate the highest common divisor of p and t.
34
Let x be -253 + -3 - 9/3. Let n = 503 + x. What is the greatest common divisor of 8 and n?
4
Let x be (-4515)/(-60)*(-12)/(-14)*2. Let i = 163 - x. What is the greatest common divisor of i and 6?
2
Let v(l) = -l**3 - 31*l**2 - 58*l - 1742. Let q be v(-31). Calculate the highest common divisor of q and 154.
14
Let p(r) = r**2 - 9*r - 54. Let g be p(-5). Let b = -20 - -20. Suppose 2*n - w - 385 = b, n + 5*w - 571 = -2*n. Calculate the greatest common factor of n and g.
16
Suppose 2*a + 2146760 = 93*a - 9*a. What is the greatest common divisor of a and 14?
14
Let o be 1/(-4) - 169/(-4). Let y = 319 - 290. Let h(p) = p**2 - 8*p - 147. Let b be h(y). Calculate the highest common factor of b and o.
42
Let o(r) = -r**3 - 25*r**2 - r - 17. Let k = -41 - -16. Let w be o(k). What is the h